= 3*k - j - 3, -4*b - 32 = -4*k. What is the units digit of k?
8
Suppose -4*b + 20 = -84. Let l = 15 - b. Let q = l - -18. What is the units digit of q?
7
Suppose -236 = -4*p - 0*u + 5*u, -59 = -p + 4*u. What is the units digit of p?
9
Suppose 0*g + g - 5*u - 17 = 0, 2*g = -2*u + 94. Suppose 0 = -4*j - n + 93, 2*j - 7*n = -3*n + g. What is the units digit of j?
3
Suppose v - 29 = 4*v - 4*c, 0 = 2*v + 5*c + 4. Let z = v + 20. What is the tens digit of z?
1
Suppose 0 = -4*t - 5*j + 41, 4*j + 5 = -0*t + t. What is the units digit of t?
9
Let w be (0 - -2 - 2) + 0. Suppose w = t + 3*t, -4*p - 4*t + 8 = 0. Suppose -3*d - p*d = -30. What is the units digit of d?
6
Suppose 3*d = -g + 19, -g - g = 2*d - 10. What is the units digit of d?
7
Suppose 9*x = 4*x - 95. Let c = -12 - x. Let d = 14 - c. What is the units digit of d?
7
Let k(h) = -h**3 - 2*h**2 + h. Let t be k(-3). Let v(i) = -8*i**2 - t + i - 3*i**3 - 10*i + 2*i**3. What is the units digit of v(-7)?
8
Let b be (-4)/14 - 132/(-21). Let j = 15 + b. Suppose -2*d = 3*y - 31, 4 = 5*y - 2*d - j. What is the units digit of y?
7
Suppose -j + 74 = j. What is the units digit of j?
7
Let r be 15/3*6/6. Suppose -r*d - y = -6*y - 60, 4*y = d - 3. What is the units digit of d?
5
Suppose -4*t = -12, 5*t - 7 = -3*b + 4*b. Let j be (-2 - -3)/(2/b). Suppose -2*m + 28 = j. What is the tens digit of m?
1
Suppose -4*w + 31 = 5*u, 4*w = 3*u - u + 38. Suppose -100 = -5*i + 2*k, -2*k - w - 3 = -i. What is the tens digit of i?
2
Suppose 4*j + j = 305. What is the tens digit of j?
6
Let y(d) = 4*d**3 + 2*d**2 + 2*d - 4. Let r(s) = 9*s**3 + 3*s**2 + 4*s - 9. Let m(b) = -3*r(b) + 7*y(b). What is the tens digit of m(-3)?
1
Let b = -4 - 1. Let s be (-282)/b*15/6. What is the tens digit of s/12 - (-1)/4?
1
Let z = -29 - -15. What is the units digit of (2/(-4))/(z/840)?
0
Let h(m) = -2*m - 2. Let i be h(-2). Suppose -a = -0*a - i. Suppose 4*n = 2*g + 6 + 24, -a*g = -10. What is the units digit of n?
0
Let b = -3 + 19. What is the units digit of b?
6
Let k = 24 - 20. What is the units digit of k?
4
Let f(v) = -v - 6. Let t be f(-11). What is the units digit of (-4 + t)/((-3)/(-57))?
9
Let b be ((-1)/2)/((-6)/60). Suppose -2*g - 183 = -7*g - 4*k, -2*g + b*k + 93 = 0. Let y = -27 + g. What is the units digit of y?
2
Let v(q) = q**2 - 6*q - 1. Let n be v(3). Let d(x) = x**3 + 11*x**2 + 10*x + 2. What is the units digit of d(n)?
2
Let n(w) = w**3 - 6*w**2 - 2*w + 5. Let l be n(6). Suppose -2*i + 4*f + 28 = 2*f, -3*f + 49 = 4*i. Let p = i + l. What is the units digit of p?
6
Suppose -109 = 3*s - 5*s + 5*o, 0 = 5*o + 5. What is the tens digit of s?
5
Let u = 13 + -3. Suppose -2*a = -4*a + u. What is the units digit of a?
5
Let l(n) = -54*n. Let p be l(-3). Suppose p - 20 = -2*x. Let h = -50 - x. What is the units digit of h?
1
Let n(h) = h**3 + 1. Let p be n(0). Let f be 0 - (0 + p*-3). Suppose 2*j + 15 + 17 = 4*t, -f*t = 5*j - 24. What is the units digit of t?
8
Let j = 5 - 2. Let q = 8 - j. What is the units digit of q?
5
Suppose -2*q + 3 = -3*o + 2*o, 0 = -3*q + 2*o + 4. Suppose -2*i + 4 = -q. Let f(y) = -y + 4. What is the units digit of f(i)?
1
Suppose 3*k - 114 = -2*l, -2*l - l + 3*k + 156 = 0. What is the units digit of l?
4
Suppose -537 = -8*t + 943. What is the tens digit of t?
8
Suppose -1 = -4*s + 11. Suppose -s*t - 2*t = 10. Let v = 8 + t. What is the units digit of v?
6
What is the hundreds digit of (-5)/(-3 + -2)*137?
1
Suppose 0 = -0*g - 5*g + 20. Suppose -g*d = -5*a + 56, 2*a - 3*d = 26 + 2. What is the units digit of a?
8
Let z be 3 + 2 + -1*1. Let b(o) = -2 - 2 + z*o - o. What is the units digit of b(3)?
5
Let s(n) = n**3 + 4*n**2 - 4. Let r be s(-3). Suppose -3*t + 79 = 2*g, -r*g = -4*g - 5. What is the units digit of t?
3
Suppose -2*s + 21 = s. Let y(l) be the second derivative of l**4/12 - 7*l**3/6 + l**2/2 + 3*l. What is the units digit of y(s)?
1
Suppose -2*b - 5*p + 31 = 0, 0*p = -4*b - 2*p + 38. Let q = b + -6. What is the units digit of q?
2
Let z = 1 - -2. Suppose -2*u - 3 = -z*i - 5*u, -4 = -2*i - 4*u. Suppose i = 2*j - 3*h - 7, 4*h - 31 = -4*j + 13. What is the units digit of j?
8
Let b be -1*(-4)/((-4)/(-45)). Suppose d + i - 42 = -d, 3*i + b = 3*d. What is the tens digit of d?
1
Let m be ((-15)/(-6))/(1/2). Suppose 92 = -0*p + m*p + 4*c, 3*c = -4*p + 73. What is the units digit of (24/p)/(1/2)?
3
Let t = 4 + -2. Suppose -r - 52 = -5*r + 2*m, t*r - 3*m - 34 = 0. What is the units digit of r?
1
Suppose t = 3*x - 20, 0*t - t = -x + 8. Let p be 5/(-15) + 218/x. Suppose p = 5*b + 6. What is the units digit of b?
6
Let s(v) = -v**2 + 4. Let f be s(3). Let n = f + 10. What is the units digit of n?
5
Let g = 4 + -4. Let q = -8 + 12. Suppose 2*h - q + g = 0. What is the units digit of h?
2
Let o(x) = 41*x - 27. What is the units digit of o(8)?
1
Suppose 125 = 3*r + 2*r. What is the tens digit of r?
2
Let g(n) = -2*n + 21. Let m be g(9). Suppose -58 = 2*o - 4*o - 4*d, 0 = -m*d - 9. What is the tens digit of o?
3
What is the units digit of (-4)/(-4 + 8)*-61?
1
Let l(g) = g**2 + 3*g - 4. What is the units digit of l(-5)?
6
Let a(s) = s**3 + 5*s**2 + 2. Let c be a(-5). Suppose r - 7 = z, -c*r - r + 11 = 2*z. Suppose 3 = 3*w - 4*w, 2*q + r*w = 25. What is the units digit of q?
0
Suppose -r + 3 + 0 = 0. Suppose -7 = r*j - 22. Suppose 10 + 9 = l - 5*s, -2*l - s = -j. What is the units digit of l?
4
Let v(a) = a**2 + 4. Suppose 4*p = -p. What is the units digit of v(p)?
4
Suppose -3*a + 36 = -5*a. What is the tens digit of (-2)/(-9) + (-194)/a?
1
Let v(y) = y**3 - 6*y**2 + 3*y - 20. What is the units digit of v(8)?
2
Let k(y) = y**2 - 9*y - 8. Let o be k(11). Let i = o - -17. What is the units digit of i?
1
Let w(b) = b. Let f(x) = 7*x + 17. Let h(l) = 6*l + 16. Let m(g) = 2*f(g) - 3*h(g). Let d(y) = -m(y) - 5*w(y). What is the units digit of d(6)?
8
Let o(p) = -39*p + 4. Let w be o(-4). Let f be 18/(-4)*w/(-15). Suppose -5*a + f = -2*a. What is the units digit of a?
6
Suppose -4*r + 4*a = -176, 2*a - 150 = -4*r + 20. What is the tens digit of r?
4
What is the hundreds digit of ((-329)/(-3) + (6 - 4))*3?
3
Let u = 71 + -49. What is the tens digit of u?
2
Suppose -87 = -4*n - 31. Suppose -n*q + 65 = -9*q. What is the tens digit of q?
1
Suppose u = -u + d + 4, u = 3*d - 8. Let x = 6 - u. What is the units digit of x?
2
Let s = 14 - 11. What is the units digit of -1*(4 + -62) - s?
5
What is the hundreds digit of 4 + (-3 - (-242)/1)?
2
Suppose 0 = 3*h - 6*h - 6. Suppose 3*m - 3*i = 0, -5*m - 36 = -4*i + 8*i. Let v = h - m. What is the units digit of v?
2
Suppose -7 = -v - 5. Let p = 8 + -4. Let w = p - v. What is the units digit of w?
2
Let n(v) = v. Let u(r) = 4*r - 16. Let j(q) = 3*n(q) - u(q). Let p be j(10). Suppose -h + p = -15. What is the units digit of h?
1
Let m(l) = l**2 + 3*l - 2. Let z be m(-4). Let c = 4 + z. What is the units digit of -3 + c - -6 - -1?
0
Let x(d) = d**2 - 3*d + 3. Suppose 3*b + b - 8 = 0. What is the units digit of x(b)?
1
Let g be (11/(-4))/((-5)/20). Suppose -67 = -u + a + g, 5*u - 404 = -2*a. Suppose w - 6*w = -u. What is the tens digit of w?
1
Let a(l) = -l**2 - 7*l**2 + 4*l - 4 - l**3 + 3*l**2 - 2. What is the units digit of a(-6)?
6
Suppose -2*i - 2*c = 10, 4*i - c - 2*c = -41. Let j(x) = -x**2 - 9*x + 8. What is the tens digit of j(i)?
1
Let h = 151 + -93. What is the tens digit of h?
5
Let y(m) = 4*m**3 + 3*m**2 + m + 4. Let w(b) = 5*b**3 + 3*b**2 + 5. Let h(k) = -5*w(k) + 6*y(k). Let a be h(4). Let u = 12 - a. What is the units digit of u?
5
Let v(b) = -b + 2. Let p be v(-4). Suppose 3*q - p - 18 = 0. What is the units digit of q?
8
Let m = -993 + 1424. What is the hundreds digit of m?
4
What is the hundreds digit of 831/(-6)*2*(-15 - -14)?
2
Let o(c) = c**2 + 5*c + 6. What is the units digit of o(-6)?
2
Let j(a) = a**2 - a + 32. Suppose 0 = -d - 0*d. What is the units digit of j(d)?
2
Let t(w) = 3*w + 4. Let p = 19 - 29. Let m be (p/4 + 2)*-8. What is the tens digit of t(m)?
1
Let t(c) = -c + 4. Let s be -1*1 + -3 + -2. What is the units digit of t(s)?
0
Let k(h) = 10*h - 53. What is the units digit of k(15)?
7
Let k = 97 + 7. What is the hundreds digit of k?
1
Suppose -w - 321 = -b, -221 = -4*b + 2*w + 1065. Let k = b + -228. Suppose -5*c + 2*n = -78, 4*c = 4*n + k - 22. What